{"id":20,"date":"2025-11-09T23:11:38","date_gmt":"2025-11-09T22:11:38","guid":{"rendered":"https:\/\/serwer2125839.home.pl\/autoinstalator\/wordpressplugins\/?page_id=20"},"modified":"2026-01-27T14:56:58","modified_gmt":"2026-01-27T13:56:58","slug":"o-nas","status":"publish","type":"page","link":"https:\/\/spedex.pl\/index.php\/o-nas\/","title":{"rendered":"O nas"},"content":{"rendered":"\t\t<div data-elementor-type=\"wp-page\" data-elementor-id=\"20\" class=\"elementor elementor-20\">\n\t\t\t\t<div class=\"elementor-element elementor-element-a395ec2 e-flex e-con-boxed e-con e-parent\" data-id=\"a395ec2\" data-element_type=\"container\">\n\t\t\t\t\t<div class=\"e-con-inner\">\n\t\t\t\t<div class=\"elementor-element elementor-element-fab7afe elementor-widget elementor-widget-image\" data-id=\"fab7afe\" data-element_type=\"widget\" data-widget_type=\"image.default\">\n\t\t\t\t\t\t\t\t\t\t\t\t\t\t\t<img fetchpriority=\"high\" decoding=\"async\" width=\"1024\" height=\"394\" src=\"https:\/\/spedex.pl\/wp-content\/uploads\/2026\/01\/spedex-025-1024x394.jpg\" class=\"attachment-large size-large wp-image-88\" alt=\"\" srcset=\"https:\/\/spedex.pl\/wp-content\/uploads\/2026\/01\/spedex-025-1024x394.jpg 1024w, https:\/\/spedex.pl\/wp-content\/uploads\/2026\/01\/spedex-025-300x115.jpg 300w, https:\/\/spedex.pl\/wp-content\/uploads\/2026\/01\/spedex-025-768x295.jpg 768w, https:\/\/spedex.pl\/wp-content\/uploads\/2026\/01\/spedex-025-1536x591.jpg 1536w, https:\/\/spedex.pl\/wp-content\/uploads\/2026\/01\/spedex-025-2048x788.jpg 2048w\" sizes=\"(max-width: 1024px) 100vw, 1024px\" \/>\t\t\t\t\t\t\t\t\t\t\t\t\t\t\t<\/div>\n\t\t\t\t\t<\/div>\n\t\t\t\t<\/div>\n\t\t<div class=\"elementor-element elementor-element-bc6bd0f e-flex e-con-boxed e-con e-parent\" data-id=\"bc6bd0f\" data-element_type=\"container\">\n\t\t\t\t\t<div class=\"e-con-inner\">\n\t\t\t\t<div class=\"elementor-element elementor-element-4906a01 elementor-widget elementor-widget-text-editor\" data-id=\"4906a01\" data-element_type=\"widget\" data-widget_type=\"text-editor.default\">\n\t\t\t\t\t\t\t\t\t<p style=\"margin: 0.56em 0px; padding: 0px; color: #000000; font-family: Tahoma; font-size: 14px;\"><span style=\"font-weight: bold; font-family: Arial;\">Witaj na stronie Przedsi\u0119biorstwo Spedycyjno-Transportowe SPEDEX Sp\u00f3\u0142ka z o.o. !!!<\/span><\/p><p class=\"western\" style=\"margin: 0.56em 0px; padding: 0px; color: #000000; font-family: Tahoma; font-size: 14px;\" align=\"JUSTIFY\">\u00a0\u00a0\u00a0\u00a0Przedsi\u0119biorstwo Spedycyjno-Transportowe SPEDEX sp\u00f3\u0142ka z ograniczon\u0105 odpowiedzialno\u015bci\u0105 powsta\u0142a w grudniu 1988 roku.<\/p><p class=\"western\" style=\"margin: 0.56em 0px; padding: 0px; color: #000000; font-family: Tahoma; font-size: 14px;\" align=\"JUSTIFY\">\u00a0\u00a0\u00a0\u00a0Naszym g\u0142\u00f3wnym profilem dzia\u0142alno\u015bci jest transport drogowy towar\u00f3w. Zajmujemy si\u0119 zar\u00f3wno przewozami towar\u00f3w na terenie kraju jak i ca\u0142ej europy. Specjalizujemy si\u0119 w przewozach ca\u0142o-pojazdowych (FTL) jak i przewozach cz\u0119\u015bciowych (LTL). Wszystkie dostawy wykonywane s\u0105 w systemie \u201ejust in time\u201d dlatego nasz klient ma pewno\u015b\u0107, i\u017c wszystkie zlecenia b\u0119d\u0105 wykonane w wyznaczonym czasie. Wszystkie trasy przejazd\u00f3w naszych pojazd\u00f3w s\u0105 optymalizowane pod wzgl\u0119dem kilometr\u00f3w jak i koszt\u00f3w co przek\u0142ada si\u0119 na optymalizacj\u0119 ceny i czasu dla naszego klienta.<\/p><p class=\"western\" style=\"margin: 0.56em 0px; padding: 0px; color: #000000; font-family: Tahoma; font-size: 14px;\" align=\"JUSTIFY\">Prowadzimy r\u00f3wnie\u017c dzia\u0142alno\u015b\u0107 w zakresie magazynowania i transportu drobnicowego.<\/p><p class=\"western\" style=\"margin: 0.56em 0px; padding: 0px; color: #000000; font-family: Tahoma; font-size: 14px;\" align=\"JUSTIFY\">\u00a0\u00a0\u00a0\u00a0Naszym celem jest dostarczenie klientom niezawodnych rozwi\u0105za\u0144 logistycznych, ukierunkowanych na ich potrzeby. Mamy g\u0142\u0119bokie przekonanie , \u017ce wsp\u00f3lna i sta\u0142a wsp\u00f3\u0142praca pozwoli na stabilny rozw\u00f3j firm naszych klient\u00f3w jak i naszej w\u0142asnej.<\/p><p class=\"western\" style=\"margin: 0.56em 0px; padding: 0px; color: #000000; font-family: Tahoma; font-size: 14px;\" align=\"JUSTIFY\">\u00a0\u00a0\u00a0\u00a0Prowadzimy r\u00f3wnie\u017c serwis samochod\u00f3w ci\u0119\u017carowych. Wykonujemy naprawy i remonty wszystkich marek samochod\u00f3w ci\u0119\u017carowych. Specjalizujemy si\u0119 g\u0142\u00f3wnie w naprawie skrzy\u0144 bieg\u00f3w, naprawie silnik\u00f3w, uk\u0142ad\u00f3w zasilania paliwem.<\/p><p class=\"western\" style=\"margin: 0.56em 0px; padding: 0px; color: #000000; font-family: Tahoma; font-size: 14px;\" align=\"JUSTIFY\">Posiadamy r\u00f3wnie\u017c stacj\u0119 paliw. Nasi klienci mog\u0105 zakupi\u0107 wszystko co potrzebne jest im w czasie ich d\u0142ugich podr\u00f3\u017cy. Naszym dostawc\u0105 paliw jest firma Lotos, jeden z najwi\u0119kszych producent\u00f3w paliw samochodowych w Polsce. Sta\u0142a wsp\u00f3\u0142praca z tak stabiln\u0105 firm\u0105 pozwala dostarczy\u0107 dla naszych samochod\u00f3w i samochod\u00f3w naszych klient\u00f3w paliwo najwy\u017cszej jako\u015bci.<\/p><p class=\"western\" style=\"margin: 0.56em 0px; padding: 0px; color: #000000; font-family: Tahoma; font-size: 14px;\" align=\"JUSTIFY\">Rozw\u00f3j naszej firmy ka\u017cdego roku pozwala na odnotowanie sta\u0142ego wzrostu udzia\u0142u w rynku transportowym.<\/p><p class=\"western\" style=\"margin: 0.56em 0px; padding: 0px; color: #000000; font-family: Tahoma; font-size: 14px;\" align=\"JUSTIFY\">Dzi\u0119ki do\u015bwiadczeniu zdobytemu przez te wszystkie lata jeste\u015bmy w stanie sprosta\u0107 najbardziej wymagaj\u0105cym klientom.<\/p>\t\t\t\t\t\t\t\t<\/div>\n\t\t\t\t\t<\/div>\n\t\t\t\t<\/div>\n\t\t<div class=\"elementor-element elementor-element-cb01646 e-flex e-con-boxed e-con e-parent\" data-id=\"cb01646\" data-element_type=\"container\">\n\t\t\t\t\t<div class=\"e-con-inner\">\n\t\t\t\t<div class=\"elementor-element elementor-element-0f5c408 elementor-widget elementor-widget-text-editor\" data-id=\"0f5c408\" data-element_type=\"widget\" data-widget_type=\"text-editor.default\">\n\t\t\t\t\t\t\t\t\t<p>Kontakt:<\/p>\n<p>PST SPEDEX Sp\u00f3\u0142ka z o.o.<\/p>\n<p>64-905 Stobno k\/Pi\u0142y<\/p>\n<p>tel. +48 67 216 75 76<\/p>\n<p>tel. +48 67 216 76 79<\/p>\t\t\t\t\t\t\t\t<\/div>\n\t\t\t\t\t<\/div>\n\t\t\t\t<\/div>\n\t\t\t\t<\/div>\n\t\t","protected":false},"excerpt":{"rendered":"<p>Witaj na stronie Przedsi\u0119biorstwo Spedycyjno-Transportowe SPEDEX Sp\u00f3\u0142ka z o.o. !!! \u00a0\u00a0\u00a0\u00a0Przedsi\u0119biorstwo Spedycyjno-Transportowe SPEDEX sp\u00f3\u0142ka z ograniczon\u0105 odpowiedzialno\u015bci\u0105 powsta\u0142a w grudniu 1988 roku. \u00a0\u00a0\u00a0\u00a0Naszym g\u0142\u00f3wnym profilem dzia\u0142alno\u015bci jest transport drogowy towar\u00f3w. Zajmujemy si\u0119 zar\u00f3wno przewozami towar\u00f3w na terenie kraju jak i ca\u0142ej europy. Specjalizujemy si\u0119 w przewozach ca\u0142o-pojazdowych (FTL) jak i przewozach cz\u0119\u015bciowych (LTL). Wszystkie dostawy&#8230;<\/p>\n","protected":false},"author":1,"featured_media":0,"parent":0,"menu_order":0,"comment_status":"closed","ping_status":"closed","template":"","meta":{"_kad_post_transparent":"","_kad_post_title":"hide","_kad_post_layout":"fullwidth","_kad_post_sidebar_id":"","_kad_post_content_style":"unboxed","_kad_post_vertical_padding":"hide","_kad_post_feature":"hide","_kad_post_feature_position":"","_kad_post_header":false,"_kad_post_footer":false,"_kad_post_classname":"","footnotes":""},"class_list":["post-20","page","type-page","status-publish","hentry"],"_links":{"self":[{"href":"https:\/\/spedex.pl\/index.php\/wp-json\/wp\/v2\/pages\/20","targetHints":{"allow":["GET"]}}],"collection":[{"href":"https:\/\/spedex.pl\/index.php\/wp-json\/wp\/v2\/pages"}],"about":[{"href":"https:\/\/spedex.pl\/index.php\/wp-json\/wp\/v2\/types\/page"}],"author":[{"embeddable":true,"href":"https:\/\/spedex.pl\/index.php\/wp-json\/wp\/v2\/users\/1"}],"replies":[{"embeddable":true,"href":"https:\/\/spedex.pl\/index.php\/wp-json\/wp\/v2\/comments?post=20"}],"version-history":[{"count":19,"href":"https:\/\/spedex.pl\/index.php\/wp-json\/wp\/v2\/pages\/20\/revisions"}],"predecessor-version":[{"id":130,"href":"https:\/\/spedex.pl\/index.php\/wp-json\/wp\/v2\/pages\/20\/revisions\/130"}],"wp:attachment":[{"href":"https:\/\/spedex.pl\/index.php\/wp-json\/wp\/v2\/media?parent=20"}],"curies":[{"name":"wp","href":"https:\/\/api.w.org\/{rel}","templated":true}]}}